4*k = 2*g - 16, -2*k - 1 + 3 = -2*g. Let o = k + 2. Calculate the remainder when 8 is divided by o.
3
Let k = 13 - 8. Let x = k - 2. What is the remainder when x*(-2)/(-6)*32 is divided by 11?
10
Let s = 0 + 24. Suppose 0 = -14*k + 7*k + 315. Calculate the remainder when k is divided by s.
21
Suppose -u = -45 + 39. What is the remainder when 29 is divided by u?
5
Suppose -2*a + 8 = 4*m, -2*m = -5*a + 2*m + 48. Calculate the remainder when a is divided by 5.
3
Let z(w) be the third derivative of w**4/24 + w**3/6 + 2*w**2. Let m be z(-2). Calculate the remainder when 23 is divided by 0 + (0 - m)*8.
7
What is the remainder when 4/6 + 732/9 is divided by 17?
14
Suppose -4*x - 14 - 10 = 0. Let y(o) = -o - 6. Let i be y(x). Suppose i = 2*z - z - 23. Calculate the remainder when z is divided by 8.
7
Suppose 6*k - 2*k = 4*x + 76, 3*x = -3*k + 69. Let b = k - 1. Suppose 7*a + 3*p - b = 2*a, 2*p = 5*a - 45. What is the remainder when 13 is divided by a?
6
Suppose 0 = -0*x - x + 2. Suppose 3*w + x*n - 347 = 0, n - 244 - 99 = -3*w. What is the remainder when w is divided by 29?
26
Let x be (-24)/(-14) - 4/(-14). What is the remainder when (1*-2)/x - -11 is divided by (-8 + 20)*(-2)/(-4)?
4
Let z(c) = -c - 1. Let h be z(5). Calculate the remainder when 9 is divided by h/15 + 44/10.
1
Let m(d) = 3*d - 3. Suppose 4*v + 4*h - 125 = 7*h, 5*h = -4*v + 165. What is the remainder when v is divided by m(5)?
11
Suppose 6*i - 318 = -0*i. Calculate the remainder when i is divided by 20.
13
Suppose 3*v + 72 = 11*v. Calculate the remainder when 60 is divided by v.
6
Let o(r) = 6*r**2 + 6*r + 7. Calculate the remainder when 35 is divided by o(-2).
16
Let a = 8 - 5. Let u(l) = l**2 + 2*l - 4. Calculate the remainder when u(a) is divided by (-16)/(-6)*9/6.
3
Suppose -4*a - 37 + 5 = 0. Let r = 13 + a. Suppose 4*f + 2*o = -2*o + 48, 4*f - 21 = r*o. Calculate the remainder when f is divided by 6.
3
Suppose 0 = -g - 3*p - 2*p - 13, 5*g - 35 = -5*p. Calculate the remainder when 34 is divided by g.
10
Let p be (1 - 0) + (-6)/(-2). Let g = 229 - 108. Suppose 0*v + 5*v - g = -p*y, -3*v = 5*y - 83. What is the remainder when 62 is divided by v?
20
Suppose -6*i = -i - 20. Suppose -p + t + 2 + 16 = 0, -5*p = -i*t - 91. Suppose -u = -2*u + p. Calculate the remainder when u is divided by 7.
5
Let n(d) = d + 8. Let l(x) = 3*x - 6. Let g be l(4). Suppose 2*v - 2*s = -0*s + 80, 4*v - 5*s - 159 = 0. What is the remainder when v is divided by n(g)?
13
Let g be 4/8 + 213/6. Suppose g = -3*q + 5*q. Calculate the remainder when ((-1)/(-2))/(2/212) is divided by q.
17
Let u(s) = 29*s - 3. Let t be u(4). Let p = t - 81. What is the remainder when p is divided by 11?
10
Calculate the remainder when (17/2)/((-1)/(-2)) is divided by 5.
2
Let f be 9 + -3 - (-1 - -1). Let r(x) = x - 1. Let b be r(f). Suppose 68 = 4*g - z, 56 = -0*g + 2*g + b*z. What is the remainder when 52 is divided by g?
16
Let h(j) = -j + 28. Calculate the remainder when h(20) is divided by 6.
2
Let v(g) = 5*g**3 + 4*g + g**2 - 3 + 2 + 0 - 3*g. Let d(f) = -f**2 + 1. Let c be d(0). What is the remainder when 16 is divided by v(c)?
4
Let r = 6 - 7. Calculate the remainder when r/((-3)/93) + -2 is divided by 8.
5
Let o(x) = 2*x - 6. Let y(l) = 2*l - 5. Let t = -7 + 4. Let h(d) = t*y(d) + 2*o(d). What is the remainder when 21 is divided by h(-4)?
10
Suppose h + 35 = 3*m, -h + 26 - 1 = 2*m. Let a(l) = 13*l - 6. What is the remainder when a(4) is divided by m?
10
Suppose 4*i = 5*y + 33, i + 4*y + 29 = 11. Calculate the remainder when 9 is divided by i.
1
Let q(u) = u**2 + 4*u - 2. Calculate the remainder when 10 is divided by q(-5).
1
Let m(p) = -p**3 + p**2 - p - 2. Let d be m(-4). Let n = -38 + d. Suppose n = 2*z + 10. What is the remainder when 50 is divided by z?
16
Suppose -105 = -5*o - 10. Suppose -2*x + 4*c + 118 = 0, x - 2*c = -c + 57. Calculate the remainder when x is divided by o.
17
Suppose 0 = -2*k + 6, 3*k - 93 = -2*f + 256. Calculate the remainder when f is divided by 43.
41
Let w = 52 + -35. Calculate the remainder when w is divided by 6.
5
Let n(r) = r**2 - 5*r - 11. Let p = -8 - -15. Calculate the remainder when 5 is divided by n(p).
2
Suppose 25 = 2*f + 3*i, 3*f - 5*i - 25 = -2*f. Suppose 3*o - 45 = 24. Suppose 3*l - 2*l - o = 0. Calculate the remainder when l is divided by f.
7
Let s(d) = 3*d + 36. What is the remainder when s(-11) is divided by 2?
1
Let x be 5 + -6 - 5*-1. What is the remainder when (34 - x)/((-4)/(-6)) is divided by 23?
22
Suppose 4 = 3*m - 2*m. What is the remainder when -11*(-1)/((-1)/(-1)) is divided by m?
3
Let o(r) = -r**3 - 4*r**2 + 5*r + 1. Let b be o(-5). Let w(f) = 6*f - 1. Suppose -9 = -5*h + 4*h. Calculate the remainder when h is divided by w(b).
4
Let p(q) = -q + 19. Let h = 9 - -4. Calculate the remainder when p(h) is divided by 4.
2
Let g be (0 - -2)*(-15)/(-2). Calculate the remainder when 34 is divided by ((-18)/g)/((-4)/40).
10
Suppose -3 = -2*y + 5. Suppose 74 = y*w + 2*r, 3*w + 6*r - 73 = r. What is the remainder when w is divided by 9?
7
Let w = 64 + -32. Let b = -19 + w. What is the remainder when b is divided by 6?
1
Suppose 6 = 3*l - 2*l. Calculate the remainder when 22 is divided by l.
4
Suppose -g - 7*g + 112 = 0. Calculate the remainder when 41 is divided by g.
13
Let l(m) = 8*m**2 + 3*m. Calculate the remainder when 102 is divided by l(-2).
24
Let w(b) = -9*b - 10. Calculate the remainder when w(-8) is divided by 13.
10
Suppose -2*q = 64 + 14. Let o = q + 72. What is the remainder when o is divided by 9?
6
Suppose 1 = y + 3*d - 0, -2*d = -3*y + 36. What is the remainder when y is divided by 5?
0
Let p be (0 + 0)/(2 - 0). Suppose 0 = -4*d - p*d + 16. Suppose 0 = -3*n - 3*o + 42, 7*n - 2*n - 62 = 3*o. Calculate the remainder when n is divided by d.
1
Let f = 4 + 22. Calculate the remainder when 178 is divided by f.
22
Let w be (-5)/15 - (-2)/6. Suppose 0 = -2*t, 5*k - 4*t - 18 - 57 = w. Suppose 65 = -4*o + 181. Calculate the remainder when o is divided by k.
14
Let h(a) = a + 20. Calculate the remainder when 25 is divided by h(-13).
4
Let p(x) = -x**2 + x + 30. Let h be 3 - (-4)/(12/(-9)). What is the remainder when p(h) is divided by 11?
8
Let n = 3 - 1. Suppose -85 = -3*m + 4*v, n*m - 145 = -2*m - v. Suppose 3*c - u - 33 = 0, -3*c - 6 = -4*c + 2*u. Calculate the remainder when m is divided by c.
11
Suppose 0 = -p - 4*y - y + 16, 3*y - 39 = -2*p. Calculate the remainder when 37 is divided by p.
16
Suppose 0 = -8*b + 12 + 44. Calculate the remainder when 32 is divided by b.
4
Let x = -39 + 60. Suppose 3 = -3*c - 27. Let a(u) = -u**2 - 10*u + 11. Calculate the remainder when x is divided by a(c).
10
Let p = 33 - 28. Calculate the remainder when 27 is divided by p.
2
Let a = 0 - -9. Suppose -a = -5*h + 6. Calculate the remainder when h is divided by 3.
0
Calculate the remainder when 88 is divided by 188/14 + 1/7*-3.
10
Let d(y) = y**2 + 6*y + 3. Let z be d(-9). Suppose z = x + 2*x. Calculate the remainder when x is divided by 3.
1
Let n be (-12 - 0)*(-2)/(-4). Let w(t) = -2 + 2 + 0 - 3*t + 1. Calculate the remainder when w(n) is divided by 7.
5
Let l(k) = k**2 - k + 4. Let y be -2*3*(-1)/2. Suppose -y*b - 2*s = -19, 0*b - 5*s = -2*b. Calculate the remainder when l(b) is divided by 13.
11
Let i(d) = 2*d - 10. Let y be i(10). Suppose -7*g - 2*v = -5*g - 20, 5*v = y. What is the remainder when g is divided by 3?
2
Let v be 1/(-1)*(2 + 0). Let t be -1 - ((-2)/(-2) - -7). Let c = v - t. What is the remainder when 20 is divided by c?
6
Suppose 0 = 5*b - 0*b - 25. Let l be (-20)/(-6) + 3/(-9). Suppose -4*s = l*y - 79, 27 = 2*y + b*s - 35. Calculate the remainder when y is divided by 11.
10
Let n be (-231)/(-5) + (-1)/5. Suppose 0 = 5*v + 4*u - 49, -n = -2*v - 0*v + 5*u. Let d = 63 + -26. What is the remainder when d is divided by v?
11
Let f = 16 + -12. What is the remainder when 10 is divided by f?
2
Let c(u) = 11*u**2 - 2*u + 2. What is the remainder when 122 is divided by c(2)?
38
Let s = 2 + -2. Let a = 9 - s. Let g = 3 - -13. Calculate the remainder when g is divided by a.
7
Let k(d) = -d**2 + 5*d + 4. Let l be k(5). Suppose 25 = 5*q, -z - l = 4*q - 78. What is the remainder when z is divided by 14?
12
Calculate the remainder when 100 is divided by (-35 - -1)/(10 - 11).
3